 -g - 68 + 10 = 0. What is the tens digit of (76/6)/(g/(-435))?
9
Let z(p) be the second derivative of 11*p**3/6 - 5*p**2/2 - 6*p. Let o be z(3). Suppose 2*a + 3*f = 41, -a - 7*f + o = -3*f. What is the units digit of a?
6
Let t(i) = -i**3 - 5*i**2 + 5*i. Let g be t(-6). Suppose 4*x - 107 = b + 4*b, -2*x = 3*b - 81. Let z = x - g. What is the units digit of z?
7
Let h(u) = -u**3 + 2*u**2 + u - 5. Suppose -k + 12 = -4*k. What is the tens digit of h(k)?
8
Let o(d) = 10*d**3 - 6*d**2 - 17*d + 25. What is the units digit of o(6)?
7
Let a(x) = -x**2 - 8*x + 5. Let p be a(-8). Suppose -2*z = -o + 63 + 40, -p*o - 4*z + 459 = 0. What is the tens digit of o?
9
Suppose 7*l - 2 = 6*l. Let g be l/(-8) + (-1261)/(-4). Suppose -4*f - 289 = -5*v + 23, -5*v + 5*f = -g. What is the units digit of v?
0
Suppose 2*k = -4*n - 0*n + 22, -9 = 2*n - 3*k. Suppose -4*g = 3*v - 581, 0*v - 3*v + 432 = n*g. What is the hundreds digit of g?
1
Let a = -18 - -22. Suppose 2*z + a*b - 326 = 5*b, 5*b - 830 = -5*z. What is the hundreds digit of z?
1
Let m be ((-45)/12 - 0)*-4. Suppose 4*q - 4*d - m = -d, -3*q = -4*d - 6. What is the units digit of q?
6
Suppose -5*r + f + 256 = 3*f, 3*r - 4*f = 138. What is the tens digit of r - (-3 + -3)/3?
5
Let t(i) = i**2 - i + 48. Let d = -8 - -8. Let m be t(d). Suppose -2*s = s - m. What is the units digit of s?
6
Let p = 843 + -581. What is the hundreds digit of p?
2
Let n = 545 + 410. What is the hundreds digit of n?
9
Let g be (0 + -1)*4/(32/120). What is the tens digit of 1309/21 + (-1 - g/9)?
6
Let m(d) = -d**2 - 15*d - 29. Let n be (3 - 0)/(29/(-116)). What is the units digit of m(n)?
7
Let x(b) = -2*b**3 + 7*b**2 - b - 18. Let d be x(5). Let f = d + 154. What is the units digit of f?
6
Let m(h) = h**3 - 9*h**2 - h + 11. Let s be m(9). Let a be 42/(-30) + s/5. What is the tens digit of (1 + a + -1)*-28?
2
Let o = -129 + 370. What is the units digit of o?
1
Let r be (-6)/(-21) + (-3860)/35. Let b = -72 - r. What is the tens digit of b?
3
Suppose 1078*j + 8204 = 1085*j. What is the units digit of j?
2
Let c(p) = p - 40. Let r be c(23). What is the tens digit of (-527)/r - (2 - 2 - -2)?
2
Let k(l) = -5*l - 5. Let a be k(-4). Let n be 85/a - 2/3. Suppose 156 = o + 3*o - n*y, 0 = 2*o - 3*y - 80. What is the units digit of o?
4
Suppose -6*r - 5*c = -8*r + 27, r - c = 9. Suppose l = -d + 18, -l + r*l = -2*d + 36. What is the units digit of d?
8
Suppose 7*s - 5845 = -1855. What is the units digit of s?
0
Let v(w) = -62*w + 21. Let l be v(-9). Suppose l = 4*a - q, a + 5*q = -0*a + 129. What is the units digit of a?
4
Let f = -310 - -334. What is the units digit of f?
4
Let j be 109/3 + 5 + (-26)/6. Let z = j - -48. What is the tens digit of z?
8
Suppose -13*v = -182 - 234. Suppose -3*c = 2*w - 73, 2*c + w = 3*w + v. What is the units digit of c?
1
Let v = -1 - -5. Suppose -5*a + 6*a = v. Suppose 7*u - 78 = a*u. What is the tens digit of u?
2
Let v = -189 + 318. What is the hundreds digit of v?
1
Let p(l) = 105*l**2 + 3*l - 44. What is the tens digit of p(5)?
9
Let l(k) = k**2 - 16*k - 26. Let r = 29 - 8. Let b be l(r). Let t = b + -13. What is the tens digit of t?
6
What is the tens digit of 30/80 - 3610/(-16)?
2
Suppose 0*x + 7*x = 0. Suppose x = 3*z - 4*z + 80. What is the tens digit of z?
8
Let j be ((-347)/4)/((-4)/16). Suppose 3*b - j = 217. Suppose 5*i - 9*i = -b. What is the tens digit of i?
4
Let u = 58 - 54. Suppose 15 = -0*z + 5*z. Suppose 0 = -z*h + u*h - 9. What is the units digit of h?
9
Suppose u = 5*u + 20. Let y(l) be the second derivative of l**4/6 + l**3 - 3*l**2/2 - 4*l. What is the tens digit of y(u)?
1
What is the tens digit of (-1)/((-4)/(-12)) - -725?
2
Suppose -12 = r + 2*r, 5*t + 5*r + 205 = 0. Let n be -6 + 9 + t/1. Let z = 86 + n. What is the units digit of z?
2
Suppose -3*m - 22 = l - 288, 782 = 3*l + m. What is the units digit of l?
0
Let k(w) be the second derivative of -w**3/2 + 6*w**2 + 5*w. What is the units digit of k(-4)?
4
Let s(n) = -n**3 - 4*n**2 - 2*n + 37. What is the hundreds digit of s(-10)?
6
Let m = -2 + 12. Suppose -m - 10 = -5*z. Suppose 2 = p - z. What is the units digit of p?
6
Let g(z) = 37*z**2 - 5*z + 13. What is the hundreds digit of g(4)?
5
Let z be ((-4)/6)/((-2)/9). Let w(o) = -o**2 + 5*o - 3. Let a be w(z). Suppose x - 18 = -a. What is the tens digit of x?
1
Suppose 61*g = 56*g - 35. Let c(l) be the third derivative of l**5/60 + l**4/12 - 4*l**3/3 + 2*l**2. What is the units digit of c(g)?
7
Let j = -15 - -18. Suppose -f + 219 = j*o - 4*f, 229 = 3*o + 2*f. Let q = o + -43. What is the units digit of q?
2
Suppose 0 = 6*d + 1404 - 474. Let a = d - -259. What is the tens digit of a?
0
Let a = 31 + -26. Suppose -a*r = -4*r. What is the units digit of r - (-70 - (-3 - -2))?
9
Let x = 33 + -31. Suppose h - r = -4*h + 304, 4*h - 248 = x*r. What is the tens digit of h?
6
Suppose b + 6632 = -11*o + 15*o, 3*o = -3*b + 4959. What is the hundreds digit of o?
6
Suppose -5*g + 4*v = -384, -5*g + g + 304 = -4*v. Suppose 7*w = 24*w - 34. Suppose -2*u = n - 4*n + g, -3*n + 88 = w*u. What is the units digit of n?
8
Suppose j + 3*c = -12, -2*c + 0 - 2 = 0. Let r be (-6)/j*(-108)/(-8). Let w(v) = -v**3 + 11*v**2 - 14*v + 5. What is the units digit of w(r)?
1
Suppose 0 = 4*a - 17*a - 1651. Let h = a - -363. What is the tens digit of h?
3
Let o(z) = 2*z - 2. Let c be o(1). Suppose c = 4*u + 5*u - 1512. What is the hundreds digit of u?
1
Let p(i) = 2*i**3 + 7*i**2 + 5*i - 29. What is the units digit of p(6)?
5
Suppose -60 = -0*q + 4*q. Let c = 84 + q. What is the units digit of c?
9
Suppose -3*h - 3*l + 189 = 2*h, -l + 115 = 3*h. Let w(o) = -o**3 + 18*o**2 + 19*o + 2. Let v be w(19). Suppose -3 = -v*u + h. What is the tens digit of u?
2
Let f(z) = -4*z - 16. Let l be f(-5). Suppose 2*b = l*t + 52, -3*t + 0*t + 12 = 0. What is the units digit of b?
4
Let l be (35/(-4))/(6/(-96)). Suppose 5*a - 201 = -4*v - 35, -4*v = -4*a + l. Suppose 3*j + 4*u = 2*u + a, -u = -3*j + 46. What is the tens digit of j?
1
Let d(g) = -1 + 3 - 16 - 12 - g. Let o be d(-11). Let s = -6 - o. What is the units digit of s?
9
Let j = 15 + -12. Suppose 4*v = -5*n + j*v + 40, 0 = 3*v. What is the units digit of 206/n - (-3)/(-4)?
5
Let c(r) = r**2 + 2*r - 14. Let z = 9 + -4. What is the tens digit of c(z)?
2
Let z(u) = u**2 + 7 - 5*u + 17*u + 21. What is the tens digit of z(-13)?
4
Let m = -1308 + 1564. What is the units digit of m?
6
Suppose v + 3*v = 2*g + 2608, 3*g = 2*v - 1304. What is the hundreds digit of v?
6
What is the units digit of (0 + 1)/(-1)*(-3479 + -32)?
1
Suppose 5*b = -15, -4*m + 20 = -3*b + 75. Let z(s) = s + 8. Let l be z(m). What is the units digit of (l/6)/(13/(-156))?
6
Let x = -1271 + 2448. What is the units digit of x?
7
Let g(m) = -5*m**2 + 2*m + 1. Let s be g(-1). Let y be ((-36)/24)/(s/(-16)). Let i(z) = -z**3 - 3*z**2 - 3*z + 3. What is the units digit of i(y)?
1
Let w(v) = -v**2 - 2*v - 10. Let b be w(-7). Let u be ((-576)/b)/(2/5). Let l = u + -11. What is the tens digit of l?
2
Suppose -4*y + z = -3211, -5*z + 4*z - 2409 = -3*y. What is the units digit of y?
2
Suppose 3*d - 9 = -0*d. Suppose -2*r = 4*q + 18, -2*q - 15 = d*q + r. Let u = q + 5. What is the units digit of u?
3
Suppose 166 - 790 = -24*y. What is the units digit of y?
6
Suppose 6 = -5*g - 44. Let p = g + 12. Suppose 21 = 4*k - 4*z - 131, 0 = k + p*z - 26. What is the tens digit of k?
3
Let v be (-1)/2 + -1 + 36/8. What is the tens digit of ((-70)/(-8))/(92/(-32) + v)?
7
Suppose 4*y - 285 = -v, -19*v - 585 = -21*v - 5*y. What is the tens digit of v?
0
Suppose -130 = 7*w - 487. What is the units digit of w?
1
Let h be ((-318)/24)/(2/(-24)). Suppose 0*r - h = -r - 2*z, 5*r + 3*z - 802 = 0. What is the tens digit of r?
6
Let r(x) = x**3 + x**2 + 4. Let h be r(0). Let c(a) = -3 + h*a + a - 6*a. What is the units digit of c(-9)?
6
Suppose 6 = t + 4. Suppose 4*z = -4*g + 208, t*g - 162 = -4*z + 50. What is the tens digit of z?
5
Let g(r) = 14*r + 4. Let l be g(2). Let n = l - -3. What is the tens digit of n?
3
Suppose 0 = -3*p + p - 2. Let u be (-57)/6 + p/(-2). What is the units digit of (-1)/3 + (-570)/u?
3
Suppose 23*t = 19*t + 732. Let l = t + -128. What is the units digit of l?
5
Suppose -q = -5*q + 608. Suppose 0 = -3*i + 3*p + 19 + q, -i + 2*p